
18
8 + (0 - (3 - 1)) + -4
2
Calculate (-20 - 3) + (10 - -6 - 12).
-19
What is the value of (-19 - 0) + (-11 - -32)?
2
Evaluate -1 - ((5 - 3) + -1 + 4).
-6
Evaluate (16 - (-14 - -30)) + 25.
25
What is -18 - (-11 + 16 + -14)?
-9
Calculate -18 + -3 + -1 - -11.
-11
Evaluate 39 + -31 + 14 - 8.
14
Evaluate 5 + -2 - -1 - (118 + -107) - -4.
-3
Calculate 10 + (13 - (3 + 27)) + -2 + 2.
-7
Calculate -3 + 14 + (-17 - 10).
-16
What is the value of 4 + (-19 - -2) + -8 + (-1 - -11)?
-11
(-8 - -15) + (-4 - (5 - -18) - -3)
-17
What is the value of -3 - 6 - (6 - (9 + -7))?
-13
Evaluate (-8 - 2) + (4 - -6) - -15.
15
What is -1 - (7 - 1) - (6 + 5 - 17)?
-1
Calculate -28 + 36 + 3 + (-43 - 5).
-37
Evaluate (5 - -12) + -30 + -1.
-14
What is 27 + (32 - (20 + 13))?
26
Calculate (-8 + 16 - 11) + 1 + -3 + 6.
1
Evaluate -7 + (-34 - -69) - 33.
-5
Evaluate 23 + (-20 - -16) - 8.
11
(5 - (4 + -6)) + 3 + -5 + 1
6
What is the value of (3 - (-5 - -1)) + 2 + -5 + 12?
16
Calculate (6 - 23 - 6) + 40.
17
Calculate (-11 - (-14 - 3 - -3)) + 0 + -18.
-15
Evaluate -25 + (-35 - (-12 - 18)).
-30
Evaluate -9 - -20 - 18 - (17 - 1) - 1.
-24
What is -7 - (35 + -27 - -1)?
-16
Calculate (0 - (-17 - -11)) + (-33 - -4 - 3).
-26
Evaluate (26 - ((18 - 11) + -4)) + (-1 - 3).
19
113 - 94 - (-18 - -17)
20
16 - (7 - 8 - -17)
0
Calculate -18 + (-7 + -12 - -40).
3
(-8 - (-31 + 12) - 11) + 36
36
What is the value of -2 - (-3 + 13 + -18)?
6
Evaluate -51 + 45 + (-1 - -9).
2
What is -7 - (-32 + 8 + 14)?
3
Evaluate 3 - 0 - (9 + (4 - 13)) - -11.
14
Evaluate 29 - 21 - 3 - 24.
-19
What is the value of -56 + -26 + 99 - (-8 - 0)?
25
Evaluate -4 - ((5 - 1) + 1).
-9
Evaluate (-4 + 1 - (-23 - -33)) + -1.
-14
Evaluate (2 - (-2 - -6 - 8)) + 7 + 0.
13
What is (-15 + (-8 - -17) + -5 - 3) + 4?
-10
Evaluate (-1 - (3 - 1)) + -24 + 23 + -7.
-11
What is the value of 2 + -15 + (-14 - (14 - 28))?
-13
(3 - (-5 + -11)) + -16
3
2 + 10 - 2 - (-828 - -812)
26
Evaluate (3 - (6 + -6 + -7)) + -7 - 22.
-19
Calculate (61 - 49) + -12 - ((-2 - 0) + 0).
2
What is the value of 18 + -46 + 22 + 3?
-3
Calculate -20 - (-22 + -3 + 10).
-5
Calculate 6 - (4 - (-14 - (5 + -5))).
-12
What is -37 + 0 - (-56 + (9 - -38))?
-28
What is (19 + -15 - 25) + (-2 - -1)?
-22
What is the value of 20 - 13 - 1 - (26 + (12 - 7))?
-25
What is -10 - (24 + -14 + -34) - 7?
7
What is (35 - 7) + -22 + -28?
-22
18 + -8 + (0 - (2 - 9))
17
-12 - -16 - (14 + -3 + (10 - 4))
-13
What is (26 - 55) + 10 + 30?
11
Evaluate (-12 + -18 - -35) + 2.
7
What is the value of -8 + (0 - (-6 + (10 - 2 - 3)))?
-7
-17 + 0 + (28 + -31 - 5) + 9
-16
(-60 + 57 - (-2 - 1)) + -19
-19
23 + 2 + -19 - 2
4
Calculate 12 + (-11 - -17) + -6 + 4.
16
Calculate 27 - (-15 - -16) - (-4 + (-2 - -13)).
19
What is -23 + 12 + -9 + 10?
-10
Evaluate 4 - (-30 - -34 - (-9 + 1)).
-8
What is the value of -12 - (-23 + 3) - 7 - 0?
1
What is (-68 - -39) + -14 - (0 + -7)?
-36
What is the value of -7 - (46 + -26 + -45)?
18
-8 - (-3 - (-1 - (-1 - -4)))
-9
Calculate 32 + 1 + 0 - (-27 + 61 + -30).
29
Calculate (-74 - -37) + 49 + -3 + 1.
10
What is the value of 19 - (15 - (15 - 8))?
11
What is the value of -12 + 15 + -4 - (17 - (-1 + 9))?
-10
Evaluate (173 - 177) + -2 + 15 + -3 + 2.
8
Evaluate -11 - (14 + -48 + (9 - 6)).
20
What is the value of 17 - (65 - 21) - -22?
-5
What is 1 + 8 + (3 + 26 - 21)?
17
2058 - 2086 - (-8 + -2 + 2)
-20
What is 6 + (14 + -13 - -2) - 28?
-19
-1 - (27 + -31 - (-5 - 13))
-15
(-32 - (28 - 41)) + (1 - 0) + -1
-19
Evaluate (5 - 31) + 4 - -9 - -17.
4
(0 - 17) + -44 + 77
16
What is -10 - 25 - (-12 - 52)?
29
Calculate 0 - (-20 + 2) - (23 - 12).
7
Calculate (3 + 2 - -2) + (-14 - -21) + -8.
6
Evaluate 18 + -2 + -16 + (5 - -4) + -7.
2
17 - (-3 + 9 - (22 - 20))
13
(17 - -2) + -73 + 52
-2
Calculate 21 + -42 + -7 - -19.
-9
What is the value of 7 + (-23 - (8 + -9 + -7))?
-8
(5 - -4) + 51 + -50
10
4 + -1 + 6 + -9 + -10
-10
What is -15 + 9 + 2 + (-1 - -6)?
1
Evaluate 68 - 0 - (-328 - -364).
32
What is the value of (-40 - -40) + (-17 - (-3 + 2))?
-16
Evaluate 20 - (-17 + (6 + 13 - 10)).
28
What is the value of (-6 - (2 - 30)) + -42?
-20
What is 10 - (19 + 5 + -11) - -2?
-1
Evaluate -35 + (-9 - (17 - 19 - 8)).
-34
What is (-2 + (-2 - 0) - -10) + (3 - 13)?
-4
What is the value of (-3 - -24 - 15) + (-14 - 1) + 15?
6
Calculate 103 + -115 - (2 + -23).
9
(-9 - -3) + (-11 - (-16 + 10))
-11
(-1 - (-3 + 0) - 12) + 10
0
Evaluate 10 - 10 - (-12 + -4).
16
What is the value of -8 - (-8 + 1 - (45 - 54) - 26)?
16
3 + (-1 - 9) - (-3 - -11)
-15
Evaluate -13 + (3 - 7) + 12.
-5
What is the value of -18 + 9 + (11 - 3) + (0 - 8)?
-9
Evaluate 14 + 0 - (-32 + 2 + 19).
25
What is the value of (1 - 2 - (-29 + 24)) + -1?
3
What is the value of -7 - (-12 + -3 + 8 - -9)?
-9
What is the value of -9 + (5 - 11) + 20?
5
Evaluate 3 + 9 + 0 + 3.
15
What is 15 + -26 + 8 + -6 + 1?
-8
What is the value of -1 - (-7 + (9 - (9 + -10)) + -13)?
9
What is 2 + 3 + -3 + -6 - (-4 + 9)?
-9
Evaluate 17 + -18 + 17 + -8.
8
Calculate (31 - (-9 - -38)) + (1 + 2 - 1).
4
Evaluate 0 + -8 + (9 - 15) + (-14 - -15).
-13
-47 + 8 - (22 - 41)
-20
11 + -12 - (-23 + 21 + -2 + -1)
4
What is (24 - 32) + 6 + -4 - 5?
-11
Calculate 1 - (-5 + -6 - 10 - -13).
9
What is the value of -112 + 77 - (-6 - -1)?
-30
What is the value of 6 - (-19 - -9 - -17) - (22 - 0)?
-23
Evaluate 5 + 1 + 6 + 18 + (2 - 3).
29
What is 15 + -35 + 25 - (10 + 1)?
-6
What is 8 - 1 - (-2 - (-17 + -12 + 3))?
-17
8 - ((2 - -22) + 64 + -76)
-4
Evaluate (-6 - -8) + 1 + -4.
-1
What is the value of 49 + (26 - 65) - 18?
-8
What is 16 - (102 + -115 - (-13 + 1))?
17
Evaluate 0 + 7 - (-16 + 20 + -8).
11
Calculate 0 - (-9 - (-19 + (27 - 13))).
4
What is -9 + (-7 + 1 - (-40 - -32)) - 12?
-19
What is the value of 6 - -3 - 2 - 11 - 5?
-9
-16 - (1 + (-22 - -7))
-2
-8 + (3 - -12) + -13
-6
What is (24 - (-8 + -8)) + -31?
9
What is 115 - 124 - (5 + -2)?
-12
Calculate 0 - (15 + (11 - (31 - 15))).
-10
Evaluate -7 + (6 - -1 - 7 - (-6 + -1)).
0
Evaluate -6 + -6 + -1 + 0 + (7 - 8).
-14
What is -3 - (10 - 17) - 15?
-11
1 + -14 + (2 - (-14 + 11 + 14))
-22
Calculate (36 + -9 - (11 + -9)) + (-3 - -1).
23
25 - (-22 - -6) - (10 + 0) - 6
25
Evaluate (0 + -2 - (3 + -7)) + (-6 - 0).
-4
Evaluate 7 + (1 - 36) + (6 + -4 - -6).
-20
(5 - (8 + 1)) + -11 + 2
-13
Calculate (9 - (1 + (-4 - -6))) + 4.
10
-1 + 6 + (-9 - -15) - 3
8
-32 + 11 + 8 - (-13 - 2)
2
Evaluate 121 + -118 - (0 + -6).
9
What is -13 + (22 - (13 - 14))?
10
Evaluate -2 + -3 + 6 + -1 + 32 + -41.
-9
What is the value of 8 + 7 + -28 + 0 + 4?
-9
Evaluate 23 - 11 - 6 - (14 - 3).
-5
Evaluate -5 + -21 + 13 + (-15 - (10 - 20)).
-18
Evaluate 13 + -1 + (4 - 2) - (-257 + 259).
12
What is (-5 - (-12 - (1 - 6 - 6))) + 32?
28
Evaluate (2 + 2 - (-26 + 36)) + 54 + -43.
5
What is 9 + -28 + 31 + -34?
-22
(-16 - (-21 + 6)) + 2 + 2
3
Evaluate -7 - (12 - 19) - (26 - -2).
-28
-5 - 14 - (-12 + 0)
-7
What is -38 + 16 - -18 - -9?
5
What is the value of -17 - (-9 + 7) - (9 - -1)?
-25
Evaluate -9 - (-8 + (-3 - 5)).
7
Calculate (3 - 1) + -4 + (14 + -9 - 3).
0
Evaluate -1 + 13 + (-106 - -102).
8
Calculate 7 - (-18 + (19 - -16)).
-10
Evaluate -3 - (11 + -40 + 32).
-6
Calculate -6 + 0 - (13 + (6 - 25)) - 10.
-10
4 + 2 + -2 + -7 + -2 + -4
-9
What is the value of 6 + 4 + -8 + 0 - (-1 - -9)?
-6
What is -30 - 1 - (-51 + 98 + -54)?
-24
Calculate -18 + -2 + 19 - (-2 + -4).
5
7 - (-1 + 3 + (-25 - -14 - -12))
4
What is 27 + -2 + -4 - 12?
9
What is (-1 - (25 - 11)) + 4?
-11
What is the value of 3 + -1 + 2 + -12 - (35 - 35)?
-8
Calculate 9 - -2 - (11 + -7 - -1).
6
What is the value of -446 + 447 - (34 - -3 - 4 - -4)?
-36
What is 16 - 25 - (-9 + (1 - -2))?
-3
What is the value of 0 + 11 - ((-14 - -9) + 2 + 5)?
9
Calculate 7 + (-24 - -6) + -1 + 5.
-7
What is (1 - 8) + 2 + -16 + 9 + 21?
9
(-28 + 4 - (-11 + -2)) + 11
0
Evaluate -1 - 0 - (-15 + 0 + (-11 - -9)).
16
What is the value of 9 + -10 - (-1 - -1 - (9 + -14))?
-6
Calculate (-20 - (2 + -11 - 41)) + -10.
20
5 + 7 + (-1 - 23 - -1)
-11
Evaluate 96 + -99 - (-1 - 2) - -11.
11
Calculate -12 + (-56 - -21) + 44.
-3
What is the value of -3 + (-5 - -2) + -2 + (-4 - -1)?
-11
What is the value of 10 - (23 + -14 + -15 + -8)?
24
What is (5 - (4 - -8)) + -11 + -11 + 18?
-11
What is 25 - -3 - (-200 + 231)?
-3
(-52 - (3 - 34)) + 32
11
Evaluate (5 - (-14 - (3 + -8))) + -1 + -4.
9
What is -